 factors of 17279611.
73, 236707
List the prime factors of 2153018973.
3, 7, 59, 61, 467
What are the prime factors of 751000735?
5, 109, 1377983
List the prime factors of 60619962.
2, 3, 13, 191, 313
What are the prime factors of 7765470513?
3, 16361, 17579
What are the prime factors of 1136427450?
2, 3, 5, 31, 244393
List the prime factors of 2232055290.
2, 3, 5, 17, 131, 33409
List the prime factors of 110196273.
3, 11, 303571
What are the prime factors of 333226601?
2131, 156371
List the prime factors of 88791908.
2, 1901, 11677
What are the prime factors of 2533657893?
3, 13, 64965587
List the prime factors of 48988437.
3, 16329479
List the prime factors of 72257100.
2, 3, 5, 107, 2251
What are the prime factors of 6484682970?
2, 3, 5, 1409, 51137
List the prime factors of 80242912.
2, 47, 53353
List the prime factors of 2237624824.
2, 279703103
What are the prime factors of 1980286041?
3, 1277, 516911
What are the prime factors of 126609672?
2, 3, 7, 283, 2663
What are the prime factors of 55313033?
55313033
What are the prime factors of 138027404?
2, 34506851
What are the prime factors of 3566704828?
2, 891676207
List the prime factors of 3822685666.
2, 1911342833
List the prime factors of 125384639.
17, 2683, 2749
List the prime factors of 257830752.
2, 3, 43, 62459
List the prime factors of 1022329.
7, 11, 17, 71
What are the prime factors of 13439080?
2, 5, 19, 17683
What are the prime factors of 1691008953?
3, 113, 4988227
List the prime factors of 4922157126.
2, 3, 409, 2005769
What are the prime factors of 3637166312?
2, 13, 29, 811, 1487
List the prime factors of 183108186.
2, 3, 67, 149, 1019
List the prime factors of 895340995.
5, 179, 1000381
What are the prime factors of 1470915843?
3, 59, 8310259
List the prime factors of 2202534024.
2, 3, 709, 129439
List the prime factors of 312907650.
2, 3, 5, 11, 71, 2671
List the prime factors of 28300637.
28300637
What are the prime factors of 265279629?
3, 9013, 9811
List the prime factors of 212980172.
2, 383, 139021
What are the prime factors of 81364458?
2, 3, 7, 1031, 1879
List the prime factors of 46582283.
11, 53, 79901
What are the prime factors of 72867480?
2, 3, 5, 7, 223, 389
What are the prime factors of 19741594?
2, 9870797
List the prime factors of 1487427318.
2, 3, 13, 463, 13729
List the prime factors of 36169824.
2, 3, 376769
List the prime factors of 152878311.
3, 16986479
List the prime factors of 197266058.
2, 11, 815149
List the prime factors of 193304417.
12143, 15919
List the prime factors of 366104055.
3, 5, 24406937
List the prime factors of 190193929.
103, 353, 5231
What are the prime factors of 6457823577?
3, 79726217
List the prime factors of 3817099375.
5, 6107359
List the prime factors of 83476984.
2, 41, 307, 829
What are the prime factors of 948960832?
2, 47, 389, 811
What are the prime factors of 61963080?
2, 3, 5, 516359
List the prime factors of 152454857.
152454857
List the prime factors of 9000911982.
2, 3, 223, 6727139
List the prime factors of 43883161.
7, 41, 107, 1429
List the prime factors of 4165070743.
4165070743
List the prime factors of 414425460.
2, 3, 5, 61, 199, 569
What are the prime factors of 253659946?
2, 1307, 97039
What are the prime factors of 887178951?
3, 19, 41, 126541
List the prime factors of 1206523398.
2, 3, 109, 1844837
What are the prime factors of 8816020?
2, 5, 53, 8317
List the prime factors of 104449769.
1201, 86969
What are the prime factors of 211135293?
3, 23459477
List the prime factors of 745101395.
5, 167, 227, 3931
List the prime factors of 3952211996.
2, 59, 83, 201767
List the prime factors of 2935677486.
2, 3, 7, 3457, 20219
List the prime factors of 395985974.
2, 941, 210407
List the prime factors of 234991888.
2, 14686993
What are the prime factors of 52449332?
2, 13, 41, 73, 337
What are the prime factors of 158092748?
2, 11, 3593017
List the prime factors of 1039123507.
1987, 522961
List the prime factors of 948859166.
2, 474429583
List the prime factors of 373454683.
7, 587, 90887
What are the prime factors of 43633405?
5, 19, 71, 6469
What are the prime factors of 156254481?
3, 5787203
List the prime factors of 4396969427.
47, 727, 128683
What are the prime factors of 1433590029?
3, 43, 1234789
List the prime factors of 135357788.
2, 257, 131671
List the prime factors of 82756472.
2, 47, 89, 2473
List the prime factors of 780649280.
2, 5, 109, 22381
What are the prime factors of 1291573239?
3, 11, 1549, 2297
List the prime factors of 77237465.
5, 15447493
List the prime factors of 1917686103.
3, 29, 1021, 21589
What are the prime factors of 16227829?
1987, 8167
List the prime factors of 7480371077.
181, 3413, 12109
What are the prime factors of 23071369?
23, 1003103
What are the prime factors of 536084986?
2, 268042493
What are the prime factors of 1798577769?
3, 599525923
List the prime factors of 68621960.
2, 5, 11, 263, 593
List the prime factors of 5559091480.
2, 5, 138977287
What are the prime factors of 1577473863?
3, 7, 73, 587, 1753
What are the prime factors of 92737387?
92737387
List the prime factors of 4678791694.
2, 271, 8632457
What are the prime factors of 2746359453?
3, 163, 5616277
List the prime factors of 5138569916.
2, 37, 431, 80557
What are the prime factors of 50562631?
7, 29, 233, 1069
List the prime factors of 50315441.
11, 911, 5021
List the prime factors of 555091741.
8389, 66169
What are the prime factors of 408434542?
2, 139, 1469189
List the prime factors of 1479471.
3, 7, 70451
What are the prime factors of 592309171?
1427, 415073
What are the prime factors of 24494548?
2, 13, 41, 11489
List the prime factors of 231299673.
3, 11, 19, 368899
List the prime factors of 487148905.
5, 97429781
What are the prime factors of 42453784?
2, 47, 112909
List the prime factors of 95542624.
2, 313, 9539
List the prime factors of 1573127902.
2, 61, 2333, 5527
What are the prime factors of 55219235?
5, 2029, 5443
What are the prime factors of 534287019?
3, 7, 83, 306533
What are the prime factors of 307866392?
2, 107, 359657
List the prime factors of 19319333.
11, 19, 23, 4019
What are the prime factors of 532050876?
2, 3, 7, 601, 1171
What are the prime factors of 135923636?
2, 17, 307, 383
What are the prime factors of 234040289?
7, 113, 295879
List the prime factors of 42798782.
2, 13, 1646107
What are the prime factors of 5837055116?
2, 853, 1297, 1319
What are the prime factors of 82473582?
2, 3, 13745597
What are the prime factors of 1131050599?
7, 23, 109, 64451
List the prime factors of 436838304.
2, 3, 7, 47, 13831
List the prime factors of 35099930.
2, 5, 149, 23557
List the prime factors of 251995147.
239, 1054373
What are the prime factors of 451124172?
2, 3, 17, 737131
What are the prime factors of 144003117?
3, 48001039
List the prime factors of 40153494.
2, 3, 31, 61, 3539
What are the prime factors of 1615610151?
3, 173, 345881
List the prime factors of 1415083007.
13, 19, 691, 8291
What are the prime factors of 211875227?
3079, 68813
What are the prime factors of 99283831?
271, 443, 827
List the prime factors of 2531671683.
3, 37, 79, 449, 643
What are the prime factors of 121440405?
3, 5, 1327, 6101
What are the prime factors of 57140036?
2, 14285009
What are the prime factors of 67385382?
2, 3, 17, 31, 101, 211
List the prime factors of 11494296.
2, 3, 11, 23, 631
What are the prime factors of 193482579?
3, 139, 463987
List the prime factors of 52204133.
109, 478937
What are the prime factors of 60251092?
2, 11, 131, 10453
What are the prime factors of 77487579?
3, 13, 662287
List the prime factors of 18887835.
3, 5, 31, 151, 269
List the prime factors of 1131443144.
2, 13, 607, 17923
List the prime factors of 993988701.
3, 110443189
What are the prime factors of 109626537?
3, 36542179
List the prime factors of 36371261.
36371261
List the prime factors of 756002197.
12511, 60427
List the prime factors of 57971975.
5, 2318879
What are the prime factors of 31275814?
2, 23, 679909
List the prime factors of 531891197.
461, 1153777
List the prime factors of 363990606.
2, 3, 7, 8666443
List the prime factors of 3141561780.
2, 3, 5, 7, 47, 17683
List the prime factors of 2715946108.
2, 19, 41, 871613
List the prime factors of 93552152.
2, 11694019
List the prime factors 